10 - (-1 - -1)) + 1.
3
What is the value of -5 + -2 + 0 - -1 - -1?
-5
Evaluate -3 + 0 + (-3 - -5).
-1
What is 12 + 4 - 0 - 11?
5
What is -3 - (-1 - (-11 - -5) - 16)?
8
Evaluate 5 + -6 - (-3 + 4).
-2
-7 - (2 + 2 + -10)
-1
-6 + (-1 - (-5 + 1))
-3
Evaluate 6 - -4 - (0 + 5).
5
Calculate -8 - (-8 + 4 + (-2 - -2)).
-4
Calculate -13 + -1 + 11 - -3.
0
Evaluate -4 + -2 - (35 - 39).
-2
What is the value of 3 + 2 - (24 + -25)?
6
What is the value of -2 + (-4 + 3 - -1)?
-2
0 + -3 - (5 - 13) - -5
10
What is (-64 - -57) + (4 - 1)?
-4
What is (-11 - -24) + -6 + 0?
7
What is the value of (6 - 7) + -2 + (-1 - -11)?
7
What is -2 - (2 - (15 - 5))?
6
Evaluate 1 + 0 + 12 + -8 + -10.
-5
Evaluate (73 + -71 - (9 + 0)) + 6.
-1
What is -2 - (-9 - (-2 + -7))?
-2
Evaluate -1 + (-7 - -2) - (-29 + 30).
-7
What is the value of 8 + (6 - -1) + -13 + -2?
0
What is -2 + 8 + -17 + 16?
5
What is the value of 5 + -6 + (-5 - -4 - -1)?
-1
(2 + (-1 - -5) - 3) + 1
4
What is the value of -4 + 1 + (-1 - -4) + 1?
1
What is the value of (-4 - (-4 + 1)) + 0 + 5?
4
Evaluate ((1 - 2) + -3 - -1) + 0.
-3
Evaluate -6 + -5 + 4 + (3 - 0).
-4
Evaluate 5 + ((-4 - 0) + 1 - -2).
4
What is the value of 1 + 4 + (-14 - -7)?
-2
Evaluate 8 + (6 - 12) - 8.
-6
Evaluate -3 - (3 - 4 - -3).
-5
6 + 4 + -5 - 4
1
Calculate (-1 - (2 - 5)) + (1 - -3).
6
2 + (-2 - (-5 + 1))
4
-12 + 4 + (0 - -3)
-5
What is the value of (0 + -9 - -7) + 1 + 7?
6
Evaluate (2 - 10 - 3) + 3 + 3.
-5
What is the value of -1 - (-1 - 0 - 0) - -2?
2
What is the value of 0 - -9 - 13 - (1 - 0)?
-5
Evaluate 4 - (3 - (5 - 5)) - 3.
-2
1 - (-16 - -23) - (-1 - 1)
-4
-2 + 2 + (1 - (8 + -8))
1
What is the value of 3 + 3 + -2 + -4?
0
Evaluate 4 - -3 - -2 - (20 + -15).
4
What is -3 + (0 - -11 - (59 - 53))?
2
What is -11 + (13 + -5 - 3) + 1?
-5
What is 12 + -7 + -3 + 1 + -6?
-3
Evaluate 5 - (3 + -1 + -1 - 4).
8
Evaluate 6 + (-4 - -1) + -5 + -1.
-3
Calculate (4 - 2 - (22 + -8)) + 4.
-8
-2 + (4 - 5) - 2
-5
Calculate (6 - (5 - -1)) + 3 + -3.
0
What is 6 - (9 + 1) - 2?
-6
Calculate (323 - 324) + 1 + 1 + 0.
1
Evaluate -3 + 15 - (2 - -10).
0
Evaluate 16 + -28 + (7 - 1).
-6
15 + -17 + 11 + -4
5
Evaluate 1 + ((6 - 8) + -5 - -5).
-1
-4 + (4 - 7) + 11 - 6
-2
(2 - 1) + 4 - (54 + -49)
0
Evaluate -454 + 446 + (-1 + 15 - 0).
6
Calculate 0 + 1 + -26 + 29.
4
Calculate 12 - (-9 + 5 - -7).
9
-5 - -15 - 15 - (0 + -9)
4
Calculate 1 - (8 - (12 - 5)).
0
What is (2 - 1) + 3 + -8 + 5?
1
What is the value of 0 + 2 + (-25 - -27)?
4
Calculate (-2 - 7) + 7 + -1.
-3
What is the value of 4 + -1 + 2 + (3 - 7)?
1
Evaluate (-6 - (-2 - -8) - -6) + 11.
5
0 + (10 - 21) - -11
0
What is the value of ((1 - 0) + -1 - 0) + -5?
-5
What is -8 - 3 - (-2 + -6)?
-3
0 + 5 - ((1 - 0) + 2)
2
3 + (-1 - 1) + 3 + -4
0
Calculate 0 + (-6 - -4) + 0.
-2
What is the value of -3 - 8 - (-10 - -5)?
-6
-1 + 9 - (26 - 20) - -1
3
Calculate -6 + -6 + 0 - (-10 - -5).
-7
(4 - -4) + -17 + 6
-3
Evaluate 4 + (1 - 1) + -4.
0
Calculate 2 + -3 - (-2 - 4).
5
-1 + (-2 - 1) + 1
-3
2 + -5 + (-5 - -2 - -6)
0
What is 7 - 7 - (-1 - -4)?
-3
What is the value of -9 - -5 - (-2 + -1 + 2)?
-3
-6 + (-7 - (-5 + -3))
-5
47 + -33 + -5 + -3
6
Calculate (-2 - (-1 + -3)) + -6 - -4.
0
Calculate -2 - (1 + -1 + 0 + 2).
-4
What is 12 - 4 - (5 + 0)?
3
Calculate -2 - 1 - (8 + -14).
3
What is -9 - -14 - (6 - -1) - 2?
-4
What is the value of 1 + 0 + -3 - 4?
-6
(13 - 9) + 1 + -6
-1
What is -10 + (10 - 1) + -4 + 0?
-5
-1 - (4 + 6 + -1 + -8)
-2
Evaluate (-6 - 0) + 5 - (-13 + 12).
0
What is the value of 6 + (-2 - 1) + (26 - 27)?
2
Calculate 1 + (3 + 0 + -6 - 1).
-3
Evaluate -7 - (-2 + (1 - 10)).
4
What is the value of 4 + -1 - (4 + -2 + -1)?
2
What is the value of -5 - (-2 - (3 - 0))?
0
What is 9 - 9 - (-1 - (-4 + -3))?
-6
Calculate -27 - -26 - ((-2 - -2) + -5).
4
What is 2 + 0 + (-4 - -3)?
1
3 - (-3 - (-3 + 0))
3
Calculate -8 + 13 + -6 - -4.
3
-1 + 4 + (-62 - -54)
-5
Evaluate -9 - (-6 - ((-5 - -8) + -7)).
-7
What is the value of (3 - (2 - 3 - -2)) + -3?
-1
46 + -38 - (10 - -1)
-3
What is (0 + 6 - (9 + -5)) + -3?
-1
Evaluate (-3 - -5) + 0 + 4 + -2.
4
Calculate (7 - 3) + -7 + (1 - 1).
-3
What is 24 + -29 + (-2 - -10)?
3
Evaluate (0 - -5) + 1 + -3.
3
Calculate 6 - (-1 + (9 - (3 + 1))).
2
Evaluate 3 - (5 + -5 - -2 - 7).
8
2 + -6 + 1 - (0 + -2)
-1
Evaluate (1 - -1) + -4 - (-33 + 38).
-7
-2 + (3 - (-4 - (-4 - 5)))
-4
Evaluate 2 + (0 + -1 - (22 + -26)).
5
What is the value of (9 - (31 - 12)) + 3?
-7
(-1 - -2) + 0 + 0 + 4
5
What is the value of -33 - -38 - (9 - 3 - -3)?
-4
Calculate -4 - -3 - 0 - -4 - 8.
-5
What is the value of (-11 - (-11 + -5)) + -9 + 1?
-3
What is (1 - -2) + 5 + 2 + -7?
3
4 + (2 - 1 - (-18 - -21))
2
What is the value of (42 - 43) + (5 - 1)?
3
17 + -18 - (3 - 0)
-4
What is (-3 - -2) + -14 + 17?
2
4 - (7 + (-1 - -1))
-3
-5 - (9 - 2 - 9)
-3
Evaluate -1 - (4 - 1 - 2).
-2
Evaluate 12 + -4 + -5 + 8 - 6.
5
Evaluate (8 - -4 - 12) + 2.
2
Calculate -1 + -1 + 2 + 0.
0
What is the value of 2 - (9 + -6 - (-8 + 7))?
-2
29 + -25 + (-3 - -6 - 2)
5
What is the value of (2 - 6 - -13) + -5?
4
What is 5 - (14 + (7 - 7))?
-9
(4 - ((-1 - 1) + 0)) + -2
4
Evaluate -3 + (-9 - -12) + 1 + -4.
-3
Evaluate -1 + -6 + (-3 - (-7 + 2)).
-5
Calculate (3 - 17) + 12 - 5.
-7
What is 1 + -8 + 43 + -34?
2
What is the value of 5 - ((2 - 3) + 1)?
5
What is the value of 5 + 3 + -8 + -2?
-2
(-13 + 6 - 1) + 6
-2
-7 - (-2 + 6 + -7 + -12)
8
Calculate 8 + -11 + (-1 - -4).
0
What is (-1 - 8) + (-4 - -21)?
8
What is 0 + (-4 - 4) - -8?
0
Evaluate 1 - (6 + (1 - 5) + 0).
-1
What is the value of 12 + -4 + 0 - (0 + 4)?
4
Evaluate -7 + (-6 - -26) + -15.
-2
Calculate -7 + -1 + (15 - 12) + 1.
-4
Evaluate 4 - (-3 + 13 + -1 + -2).
-3
What is the value of -5 - (4 + -9 + 5 + 1)?
-6
What is the value of -10 - (10 - 15 - 0)?
-5
What is the value of (-9 - -2) + (-3 - -9)?
-1
What is the value of -1 + -9 - (-20 + 14)?
-4
What is -3 + -3 + (14 - 8)?
0
(0 - (-2 + -1)) + 1 + -3
1
(-2 - (3 - (2 + 0))) + 6
3
Calculate 7 + 4 + -12 + 2.
1
What is the value of 2 + (1 - (4 - (0 - 0)))?
-1
Calculate -8 + 2 - (3 + -8).
-1
What is the value of -9 + 10 - (-1 - -3)?
-1
Evaluate (-2 - -6) + -7 - (8 + -4).
-7
8 + 2 + -2 + -6
2
Calculate 1 + 1 + -3 + 4 - -1.
4
What is the value of 8 + -5 + (2 + 4 - -2)?
11
What is (2 - -3) + (2 + -3 - 2)?
2
(-5 - (-4 - -1)) + -7 - -2
-7
-4 + 5 + 5 + -13 + 12
5
What is (2 - (-1 - -1)) + -1 + -4?
-3
What is the value of -5 + -31 + 40 - (-1 + 2)?
3
Calculate -7 - (-8 - (-8 + 0)).
-7
What is (3 - 1) + 5 - (4 + 0)?
3
Evaluate 0 - (-1 + 2 + 6 + -5).
-2
-5 + 1 + (-26 - -21) - -3
-6
2 - 1 - (9 - 13)
5
Evaluate (-2 - -11 - 2) + 1.
8
What is the value of 4 - (-5 + (3 - -1))?
5
What is -5 - -3 - (-3 - 3)?
4
What is 1 + 3 + (-5 - 1) + 2?
0
-5 + 1 + -8 + 3
-9
What is 7 + -7 + 0 - (0 - 5)?
5
Calculate (-12 - -14) + (-3 + -1 - 1).
-3
What is 2 + -2 - (1 - 2 - 1)?
2
What is the value of (8 - 3) + -4 - -1?
2
Evaluate -10 + (9 - -1) - (-1 + 1).
0
What is -2 - -4 - (1 + -1 - -3)?
-1
What is the value of 4 - (-1 - -3 - -1)?
1
Calculate 5 + -6 - (-1 - 1 - 0).
1
Evaluate -3 + 6 + (-8 + 3 - -2).
0
What is the value of -112 + 109 + (0 - -10)?
7
What is (5 - 3) + -6 - 3 - -5?
-2
11 + -1 + -11 + 1 + 6
6
What is the value of 3 - (15 + -3 + -3)?
-6
Evaluate 7 + (-4 - ((1 - -1) + -2)).
3
Evaluate (23 - 31) + (4 - 0) + -4.
-8
What is the value of -6 - (10 - 4) - -6?
-6
7 + (-28 + 22 - (2 - 1))
0
Calculate (6 + 1 - 8) + 2.
1
Evaluate (-3 - 2) + 5 + -12 + 10.
-2
What is 1 + 0 + -3 + (5 - 0)?
3
What is 2 - (-1 + 1 - (0 - 3))?
-1
Evaluate -1 + (-5 - 2) + 5 + -2.
-5
What is (-3 - 0) + (-27 - -25)?
-5
What is 10 + -9 - (0 - (-2 + 4))?
3
Evaluate 4 + -8 - (1 - 2).
-3
What is the value of -7 + -8 + (6 - -8)?
-1
What is 2 - -4 - (36 + -37)?
7
Evaluate -1 + (1 - 0) - (-21 - -21).
0
What is 6 + -6 + (-2 - -3)?
1
(1 - 4) + (24 + -8 - 7)
6
Calculate 3 - 2 - ((2 - -9) + -17).
7
Calculate -7 + 7 - (-3 + 1).
2
Calculate (2 - (-3 - -6)) + 3.
2
What is the value of -1 + 5 - (15 - 8)?
-3
What is 2 + -5 + (3 - (-3 + 4))?
-1
4 + -2 - (2 + -3 - -4)
-1
(-2 + 4 + -5 - -2) + -5
-6
What is the value of (10 - 1) + -4 - 1?
4
Calculate -4 - -7 - (22 + -22).
3
What is the value of 5 + 1 + (3 - -2) + -6?
5
What is -5 + (2 - 4 - -3)?
-4
What is 4 - 9 - -4 - (1 + -4)?
2
What is -3 + (2 + 0 - (-6 + 3))?
2
-35 + 23 + 3 + 5
-4
Calculate (1 - 7) + -1 